rs of y*(-7)/(98/r)?
2, 3
Let o = 8 - 6. Let j = o + -2. Suppose -7*t + 2*t + 60 = j. List the prime factors of t.
2, 3
Suppose -5*a - 55 = -15. What are the prime factors of 6/a + 30/8?
3
Let p = -5 - -8. Suppose 5*t + c = -p*c, -3*c = 15. Suppose 0 = -4*h - 4*z + 28, -t*h + 2*z = -0*h + 2. What are the prime factors of h?
2
Suppose 5*b - 4*i = 132, 3*i + 19 = 5*b - 115. Suppose -4*a + 4*x = -b, -2*x + 22 = 4*a - 0. List the prime factors of (-1 - -2)/(3/a).
2
Suppose 3*j = 6*j - 6. Let x be j*(9/3 - 7). What are the prime factors of x/12 - (-16)/6?
2
Suppose 6 = -v + 41. List the prime factors of v.
5, 7
Suppose -2*y = -5*h + 202, -19 + 137 = 3*h - 2*y. What are the prime factors of h?
2, 3, 7
Let c(m) = -249*m + 1. Let a be c(2). Let h be a/(-5) + (-18)/45. What are the prime factors of ((-3)/9)/((-3)/h)?
11
Let k = 8 - 4. Suppose k*l = 21 + 11. Suppose 34 + l = 5*o + 2*q, 5*q = 4*o - 27. What are the prime factors of o?
2
Suppose 0 = -3*x + 5*x - 6. List the prime factors of x.
3
Suppose 2 + 3 = 4*u + f, -3*f - 2 = -5*u. Suppose -u = q - 3. List the prime factors of q.
2
Suppose -9*x + 4*x = 5. What are the prime factors of (-9 - 1)*x/2?
5
Let c be 2 - (-4)/(-2)*-21. Suppose 7*b - 6*b - 4 = 0. Suppose b*i + 4 = c. What are the prime factors of i?
2, 5
Suppose 0 = 5*t - 9*t + 604. List the prime factors of t.
151
Let d(u) = 3*u - 3. Let n be d(2). Suppose n*q - 3*k = 6, 3*k + 0*k = 2*q - 2. What are the prime factors of q?
2
Let d = 25 + -17. List the prime factors of d*1*(-2)/(-4).
2
Suppose 0 = -0*t - t + 48. Let g be t + 2*3/6. Let k = g - 30. What are the prime factors of k?
19
Suppose 14 = -2*b + 4. Let g(j) = -3*j - 2. What are the prime factors of g(b)?
13
Let u(q) = 14*q**3 + 2*q - 1. Let s be u(1). Suppose s = o - 0. List the prime factors of o.
3, 5
Suppose -9*h = -514 + 46. What are the prime factors of h?
2, 13
Suppose 3*y - 9 = 0, 2*k = -y - 69 + 312. List the prime factors of k.
2, 3, 5
Let c be 4/(1 - 5) - -10. What are the prime factors of 2*c + (5 - 5)?
2, 3
List the prime factors of 4 - (-153 + (-4 - (2 + -2))).
7, 23
Suppose -5*x + 25 = -g, -6 + 31 = -5*g + 5*x. Suppose i + 3*n = 26, -3*n = -g*n + 6. What are the prime factors of i?
2
Suppose 6*c = 3*c - 2*j + 73, -4*j - 84 = -4*c. List the prime factors of c.
23
Suppose -6*o - 30 = -9*o. Suppose -2*i - 1 = -y - o, i = 2*y. List the prime factors of i.
2, 3
What are the prime factors of (21/(-28))/((-1)/12)?
3
Let j(i) = 19*i**3 + i**2. Let a be j(1). Suppose -5*s = -4*r - 60, -2*s + a = 3*s. Let b = 19 + r. What are the prime factors of b?
3
What are the prime factors of (-27)/108 + 993/4?
2, 31
Let n(s) = -11*s**2 + 13 + s**3 + 5*s + 0*s + 6*s. Let q be (-1 + (-20)/(-12))*15. List the prime factors of n(q).
23
Suppose -3*z - z = -96. List the prime factors of z.
2, 3
Let o(m) = m**3 - m**2 + 5. Let k be o(0). Suppose 37 = k*g + 12. What are the prime factors of g?
5
Let m(v) = -v**3 - 13*v**2 - 2*v. Suppose 0 = z + 13. What are the prime factors of m(z)?
2, 13
Let n = -54 - -171. List the prime factors of n.
3, 13
Suppose -5*x + 25 = -0*x. Suppose 2*f - 85 = -3*c, -x*c - f + 0 = -130. What are the prime factors of c?
5
Let z(q) = -2*q**3 - 7*q**2 - 5*q. Suppose -27 + 7 = 5*y. Let c be z(y). List the prime factors of c/10 - 4/(-10).
2
Let v(l) = -6*l + 1. What are the prime factors of v(-3)?
19
What are the prime factors of 1 + -2*50/(-4)?
2, 13
Suppose 1 - 3 = 2*x. Let s be (x - 1) + 61/1. Suppose 5*o = 2*d + 72, 2*o - 3*d = -2*o + s. List the prime factors of o.
2, 7
Let m = -6 - -1. Let z = m - -10. List the prime factors of z.
5
List the prime factors of (2/(-3))/((-3120)/(-1566) + -2).
3, 29
Let s(m) = -m + 7. Let n = 1 + -9. List the prime factors of s(n).
3, 5
What are the prime factors of (-1 - 155/(-1)) + (-10)/(-5)?
2, 3, 13
Suppose -4*z = -9*z + 10. Suppose -z*o + 58 = 3*h - 60, -4*o - 100 = -2*h. List the prime factors of h.
2, 3, 7
List the prime factors of 3*(-26)/(-6) + 0.
13
Suppose s = -2*s, 4*z - 3*s = 708. What are the prime factors of z?
3, 59
Let b = -19 + 35. Suppose 0*w = w - b. List the prime factors of w.
2
Suppose 3*j + 2*t - 5*t = 9, -3*j = 3*t + 9. Let u be 2/4 - 7/(-2). Suppose 24 = u*v - j. List the prime factors of v.
2, 3
Suppose 4*d = -5*q - 0*d + 162, -5*q + d = -147. Suppose 5*y = 25 + q. What are the prime factors of y?
11
Let c = 6 - -14. Let m = c + -29. List the prime factors of (m/(-5))/((-1)/(-5)).
3
Let h be 2 + 6 + -1 - -1. Suppose 0 = x - 2*n, 4*n + 2 + h = -3*x. What are the prime factors of x + 2 - -4*2?
2
Let z = 124 + -80. Suppose -2*g + z = 4*r, -2*g + 5*r - 6 = -g. List the prime factors of g.
2, 7
Suppose 0 = -10*z + 5*z + 35. Suppose -5*x - 3 = z. List the prime factors of 10/(-8)*x*4.
2, 5
Let q = -44 + 76. Suppose 23 + q = 5*l. Let o(d) = -d**2 + 11*d + 3. List the prime factors of o(l).
3
Suppose -34 = -v + 1. What are the prime factors of v?
5, 7
Suppose 0 = 3*x - 73 + 28. What are the prime factors of x?
3, 5
Suppose q - 1 = -5. Let w = q + 7. List the prime factors of w.
3
Let w be (102/9 - -1)*3. Let m(q) = 20*q**2 + q - 1. Let p be m(1). Let r = w - p. List the prime factors of r.
17
List the prime factors of (-42)/(-12)*24/28.
3
Let j be 6/9*6/4. Let u(n) = 9*n**2 - 1. List the prime factors of u(j).
2
Suppose 5*a + 5*f = 105, -4*f - 7 - 1 = 0. What are the prime factors of a?
23
What are the prime factors of (-363)/(-5) - (-18)/45?
73
Suppose -12 = -3*u, 7*u = -k + 4*u + 112. Suppose 0 = 3*q + q - k. List the prime factors of q.
5
Suppose 6*r = -9 + 147. List the prime factors of r.
23
Let w = -90 + 151. What are the prime factors of w?
61
Let v(z) = -z**3 - 4*z**2 + 5*z. Let o be v(-5). Suppose 3*x - 6*x + 54 = o. Suppose x = a + a. What are the prime factors of a?
3
Let x(f) = 2*f - 4. Let w be x(4). Suppose w*u - 70 = 2*q, u + q + 67 = 5*u. What are the prime factors of u?
2
Suppose 440 = h + 3*h. Let b = 195 - h. Suppose -4*p = 29 - b. What are the prime factors of p?
2, 7
Let a be (5 - 2 - 2) + 1. Let t(x) = 2 - a*x + 5*x + x**2 + x. What are the prime factors of t(-5)?
7
Suppose 0 = -2*f + 35 + 21. Let g be (-89)/(-4) + (-7)/f. What are the prime factors of (-6)/(-12)*(0 + g)?
11
Suppose 0 = 5*l + 2*f - 271, 0 = -2*l - 3*f + 125 - 21. Let a = l - 28. List the prime factors of a.
3
Let r = 3 - -27. What are the prime factors of r?
2, 3, 5
Suppose -2*c + 7*c = 550. List the prime factors of c.
2, 5, 11
What are the prime factors of ((-3)/(-2))/((-1)/(-12))?
2, 3
Suppose 0*f - 4*f = -76. What are the prime factors of f?
19
Let f(j) = j - 1. Let r be f(3). Suppose r*i = -3*z - 9, -5*i + 0*i + 9 = -3*z. What are the prime factors of ((-20)/15)/(2/z)?
2
Let y(l) = -2*l**2 - 16*l - 7. Let a be y(-7). Suppose -7*x + 2*x - 2*h + 11 = 0, a = -x - 5*h. List the prime factors of x.
3
Let h(z) = z**2 + 8*z. List the prime factors of h(-11).
3, 11
List the prime factors of (-132 + -5)*2/(0 + -2).
137
Suppose 5*y - 4*y - 18 = -3*t, y - 3*t = 18. Suppose y + 81 = 3*m. List the prime factors of 270/m + 4/(-22).
2
Let j(n) = -n**2 - 8*n + 22. List the prime factors of j(-10).
2
Suppose -3*r + 27 = 5*m - 16, -r - 3*m + 17 = 0. List the prime factors of r.
11
Let d be 0/(-2 - 2/(-2)). Let f be 18/(5 + (d - 3)). What are the prime factors of (-20 - -2)*(-3)/f?
2, 3
Let q(k) = 203*k**2 + 4*k + 4. List the prime factors of q(-1).
7, 29
Suppose 0 = -5*u + 110 + 275. What are the prime factors of u?
7, 11
What are the prime factors of (-7337)/(-87)*(1*-6)/(-2)?
11, 23
Let n(i) = -i**3 + 10*i. What are the prime factors of n(-5)?
3, 5
Let w(y) = -1. Let v(s) = -2*s - 14. Let h(u) = v(u) - 3*w(u). List the prime factors of h(-8).
5
Let m(b) = -10*b - 1. Let i be m(1). Let y(t) = t + 12. Let a be y(11). Let f = i + a. What are the prime factors of f?
2, 3
Suppose -z = -2*z + 3. Suppose z*b = 3*u - 25 - 38, -b = -2*u + 44. List the prime factors of u.
23
Let n be ((-15)/(-10))/(3/(-4)). Let t = n - -5. What are the prime factors of t?
3
List the prime factors of (-14 + 16)*33/2.
3, 11
Let a = -30 - -42. Let b = a - 5. List the prime factors of b.
7
Let w = 3 + 25. List the prime factors of w.
2, 7
Suppose -2*d + 46 + 18 = 0. List the prime factors of d + 1 + (-1 - -2).
2, 17
Let z(v) = -3*v**3 + 2*v**2. Suppose 5*s = -5, -2*i -